{"id":20,"date":"2022-02-02T16:29:28","date_gmt":"2022-02-02T16:29:28","guid":{"rendered":"http:\/\/manufactus.online\/?page_id=20"},"modified":"2022-06-16T09:15:06","modified_gmt":"2022-06-16T09:15:06","slug":"inicio","status":"publish","type":"page","link":"https:\/\/manufactus.art\/","title":{"rendered":"Inicio"},"content":{"rendered":"<p>Las piezas artesanales son todas diferentes entre s\u00ed y las cosas m\u00e1s bonitas no son perfectas sino especiales.<br \/>\nNuestro cat\u00e1logo de productos engloba tanto complementos de moda c\u00f3mo objetos de decoraci\u00f3n y iluminaci\u00f3n para diferentes ambientes, comercial, del hogar e infantiles&nbsp;en series limitadas e incluso por encargo, sin perder la esencia.<\/p>\n<p>Nosotros apostamos por un producto local y de proximidad km 0 tanto en <a href=\"https:\/\/www.menorca.es\/\"><em>Menorca<\/em> <\/a>c\u00f3mo en <a href=\"https:\/\/www.barcelona.cat\/ca\/\"><em>Barcelona<\/em> <\/a>d\u00f3nde tenemos nuestros talleres y showroom.<\/p>\n<p>No buscamos clientes para nuestros productos sino que creamos productos para nuestros clientes, no queremos solo satisfacerlo sino tambi\u00e9n transmitirle sensaciones.<\/p>\n","protected":false},"excerpt":{"rendered":"<p>Las piezas artesanales son todas diferentes entre s\u00ed y las cosas m\u00e1s bonitas no son perfectas sino especiales. Nuestro cat\u00e1logo de productos engloba tanto complementos de moda c\u00f3mo objetos de decoraci\u00f3n y iluminaci\u00f3n para diferentes ambientes, comercial, del hogar e infantiles&nbsp;en series limitadas e incluso por encargo, sin perder la esencia. Nosotros apostamos por un [&hellip;]<\/p>\n","protected":false},"author":1,"featured_media":0,"parent":1403,"menu_order":0,"comment_status":"closed","ping_status":"closed","template":"","meta":{"footnotes":""},"class_list":["post-20","page","type-page","status-publish","hentry"],"jetpack_sharing_enabled":true,"_links":{"self":[{"href":"https:\/\/manufactus.art\/index.php?rest_route=\/wp\/v2\/pages\/20","targetHints":{"allow":["GET"]}}],"collection":[{"href":"https:\/\/manufactus.art\/index.php?rest_route=\/wp\/v2\/pages"}],"about":[{"href":"https:\/\/manufactus.art\/index.php?rest_route=\/wp\/v2\/types\/page"}],"author":[{"embeddable":true,"href":"https:\/\/manufactus.art\/index.php?rest_route=\/wp\/v2\/users\/1"}],"replies":[{"embeddable":true,"href":"https:\/\/manufactus.art\/index.php?rest_route=%2Fwp%2Fv2%2Fcomments&post=20"}],"version-history":[{"count":17,"href":"https:\/\/manufactus.art\/index.php?rest_route=\/wp\/v2\/pages\/20\/revisions"}],"predecessor-version":[{"id":1959,"href":"https:\/\/manufactus.art\/index.php?rest_route=\/wp\/v2\/pages\/20\/revisions\/1959"}],"up":[{"embeddable":true,"href":"https:\/\/manufactus.art\/index.php?rest_route=\/wp\/v2\/pages\/1403"}],"wp:attachment":[{"href":"https:\/\/manufactus.art\/index.php?rest_route=%2Fwp%2Fv2%2Fmedia&parent=20"}],"curies":[{"name":"wp","href":"https:\/\/api.w.org\/{rel}","templated":true}]}}